 + i = -2802. Is o prime?
False
Suppose -5*o + 53 = 4*g, -2*g + 5*o = -g - 32. Suppose -g*l + 2249 = 3*p - 13*l, -p = -4*l - 755. Is p prime?
True
Suppose 0 = 3*y + 15, 16*j - 11*j - 3430 = 3*y. Suppose 5*m - 1728 = m. Let i = j - m. Is i a prime number?
True
Let s = -16 - -16. Suppose s = j - 2 + 42. Is 14506/8 - 5/(j/6) prime?
False
Suppose p - 25513 = -5*l, 3*p = -10*l + 8*l + 76565. Is p prime?
True
Suppose 0 = 22*b - 24*b + 4, -3*i = -4*b - 19. Suppose i*a = -1358 + 4211. Is a a composite number?
False
Let r(w) = -4*w - 60. Let m be r(0). Let q = m + 60. Suppose q = -o + 14 + 75. Is o prime?
True
Is (-352886)/(-1) - (1 - (0/(-10) - 2)) a prime number?
True
Let m(d) = -d**3 + 5*d**2 + 6*d + 5. Let q be m(6). Let u(c) = -2*c**2 + 1. Let x(k) = 13*k**2 + 4*k - 17. Let i(r) = 3*u(r) + x(r). Is i(q) prime?
True
Is (-14)/(-56)*-20 + 40524 prime?
True
Let d(x) = -5*x - 143. Let i be d(-31). Is (2/(-24)*-8166)/(2/i) a prime number?
False
Let i(t) = -919*t + 102. Let s be i(-6). Let g = s - 3515. Is g composite?
True
Let i = -101 + 127. Suppose -29*g + i*g = -1923. Is g composite?
False
Suppose -8*h + 7571810 = -397508 + 227646. Is h prime?
True
Let s(w) = -27*w**2 + 22*w + 60. Let p be s(-7). Let o = -303 - p. Is o prime?
False
Suppose -144469 = 14*f - 569411. Is f composite?
True
Let l(w) = 1104*w + 15451. Is l(40) a prime number?
True
Suppose 6*f = 10939 - 30751. Is (2/(-5) + f/20)*-2 prime?
True
Suppose -67*x + 22*x = -5028795. Is x prime?
True
Let x be (-3175)/(-10)*4560/25. Suppose 9000 - x = -24*q. Is q a composite number?
True
Let i be (10/(-8))/(3 + 196/(-64)). Suppose 3*z + 7928 = -31*u + 35*u, 5*z + i = 0. Is u composite?
False
Let h(x) = x**2 + 6. Let l be h(0). Let g(v) = -1 + 6 + 19*v**2 - 11*v - 6 + 3*v. Is g(l) prime?
False
Let u = -18028 - -5813. Is (-22)/5*u/14 prime?
False
Let f(p) = p - 6. Let r be f(-9). Let b be 12/r*(-4 - 1). Suppose -x + 2*k + 250 = -k, -b*k - 20 = 0. Is x prime?
False
Let f = 511 + -1015. Let g = -15 - -10. Is (4 + g)*1 - (f - -1) prime?
False
Let m be 15/(-60) - 394/(-8). Suppose -50*r = -m*r - 5. Suppose -2*z + 738 = -5*p + p, r*z = 5*p + 1825. Is z a composite number?
True
Suppose 60*o = -75*o - 0*o + 37640025. Is o a composite number?
True
Suppose 0*c = -9*c + 45. Suppose -4*i - c*y - 1979 = -7*i, -3*y - 2646 = -4*i. Let q = i - 416. Is q composite?
True
Let h(y) = 89819*y**2 + 67*y + 19. Is h(4) a composite number?
False
Is -1 - (-2 - 123794) - (-336 - -328) a prime number?
True
Suppose 60*m = 57*m - 33894. Let n = -4537 - m. Is n composite?
False
Let u(a) = 6*a**2 - 9*a**2 - 19*a**2 + 8*a**3 - 23 - 22*a - 9*a**3. Is u(-24) composite?
False
Suppose 4*i - 16 = -4*b, 3*i - 2*b = 7*i - 12. Suppose 5*c = 4*c + i. Suppose -10*g + c*g = -1528. Is g a composite number?
False
Suppose 3*v - 498067 = 3*u - 11*u, 3*v - 498002 = 5*u. Is v prime?
False
Let t(o) = 889*o**2 - 45*o - 39. Let g be t(15). Suppose 0 = 25*q - 215764 - g. Is q composite?
False
Let d(p) = -p**3 - 7*p**2 - 6*p - 4. Let q be d(-6). Suppose -7*u = -3*u + 5*l + 239, -3*l = -u - 81. Is (-24870)/u - (q/11)/2 composite?
True
Suppose 5*l = -2*s + 85478, 3*l = -690*s + 693*s - 128217. Is s composite?
True
Let f = 83497 + 180578. Suppose -2*d + f = -7*d + r, 5*d + 264075 = -4*r. Is (-4)/(-1)*d/(-60) a prime number?
False
Suppose 0 = -3*p - 5*w + 111281, -79723 = -3*p + w + 31534. Is p a prime number?
True
Let x = -16770 - -60779. Suppose -6*o = -13*o + x. Is o composite?
False
Suppose 24 = 2*c - 6*l, 3*l + 84 = -10*c + 15*c. Suppose -2*g = -5*k - 690, -3*g + 1168 = k + 150. Let d = c + g. Is d prime?
False
Let h = 30818 + -3129. Is h prime?
True
Let u be 2/1 - (-654)/(-1 - 2). Let w be (-16464)/u - 4/18. Suppose -72*q + w*q - 5176 = 0. Is q prime?
False
Is (1 - 0)/((-29)/(-5994271)) a composite number?
False
Is (-11)/220 + 131241852/240 prime?
True
Let l(m) = 5080*m**2 - 16*m + 5. Let d be l(4). Suppose 5*n - 4*p = 146855, 6892 = 3*n - 5*p - d. Is n a composite number?
True
Suppose 3*r - 923 = 1324. Suppose 5*i = -5*g + 400, -4*i + 404 = 6*g - g. Suppose -83*x - r = -g*x. Is x a composite number?
True
Suppose w - 3 = -5*c, -8*w + 6 = -6*w + 2*c. Suppose w*h - 21929 = 4654. Is h a prime number?
True
Suppose -4 = 2*u - 4*d, -d - 2*d = 4*u - 25. Let r(n) = n**3 - n**2 - 24*n + 96. Let k be r(14). Is (0 + u)*(-5 - k/(-16)) a prime number?
True
Let d = 1452 - 973. Is d prime?
True
Is 581191/10 + 8/(-80) prime?
False
Let s(r) = -r**3 + 10*r**2 - 8*r + 82. Let k be s(10). Is ((-6)/9)/k*-80307 composite?
True
Suppose -67 - 3 = -14*d. Suppose 5*i + 2075 = d*j, -j + 2*i - 822 = -3*j. Is j composite?
True
Is -5*64/40 + 144811 composite?
True
Suppose 5*g = 4*d - 14041, 12*g + 4*d = 15*g + 8423. Suppose j + 3*j = 19856. Let t = j + g. Is t composite?
True
Is 41273453/513 + (-22)/297 composite?
True
Is (-1406)/76*(-2743 - 3) prime?
False
Suppose -4*f + 5*s = -5, 3*f + 4*s - 8 = -43. Let a = f - -11. Is (633/2)/(a/4) a prime number?
True
Let p(j) = 378*j**3 - 13*j**2 + 26*j - 95. Is p(4) prime?
True
Suppose -3*d + 402505 = 2*u, -47*d = -46*d + u - 134169. Is d composite?
True
Let f be (-2)/((-4)/1335)*(-8)/(-10). Is (f/(-24))/(2/(-296)) a composite number?
True
Let f(w) = 1147*w + 19. Let p be f(1). Let u = 2749 - p. Is u a prime number?
True
Suppose 390614 = 280*g - 266*g. Is g composite?
False
Let j(y) = 184*y**2 + 1417*y - 32. Is j(41) a composite number?
False
Let b(q) = 4*q + 4. Let t be b(-1). Suppose t = -j - 0 + 4. Suppose -j*i - 158 = -6*i. Is i a composite number?
False
Let r(g) = -254*g**3 - 4*g**2 - 4*g - 3. Let d be 6*((-3)/(9/(-2)) - 1). Let w be r(d). Suppose -9*v - 104 = -w. Is v prime?
False
Let v = -28060 + 10837. Let i = -7696 - v. Is i a composite number?
True
Suppose 36*j - 13030233 = -11*j. Is j composite?
True
Suppose -5*f - x + 17256 = -4*x, -4*x + 3465 = f. Is f a composite number?
True
Let y be (-4)/(-6) + ((-40)/24 - -2). Is (-17641 - (y - 5))/(-3) prime?
True
Suppose 3*k - 9 = 0, 2517 = 4*j - 5*k + 9724. Let c = j + 1166. Let o = 635 - c. Is o prime?
False
Let p = 262142 + -68307. Is p a prime number?
False
Let f be (1 - 1)/(9 - 11). Is (-2 - (f + -1))*(-50 + -4449) composite?
True
Suppose 37*v + 15830482 = 229*v - 32849774. Is v a prime number?
True
Suppose -6 - 10 = -4*h - 3*x, 0 = 3*h - 4*x - 37. Suppose h = 4*r - 9. Suppose 4*f - 598 = -2*i, 3*i + 2*f + 287 = r*i. Is i composite?
False
Suppose 398794 = -12*w + 2386390. Suppose w = 3*s + 5970. Is s composite?
True
Is (-6203995)/175*-5*1/1 prime?
True
Let n = 841 + 4944. Suppose 0 = 5*l - 3*v - 5785, -4*l + 9*l - 4*v - n = 0. Is l prime?
False
Let b(j) be the third derivative of 217*j**6/30 - j**5/20 + j**4/6 + j**3/6 - 85*j**2. Is b(2) a composite number?
True
Let c(x) = x**2 + 3*x + 12. Let a(p) = -3*p**2 - 8*p - 35. Let v(b) = -6*a(b) - 17*c(b). Let z be v(-4). Let f = 25 + z. Is f prime?
True
Let o = 34083 + -26512. Is o a composite number?
True
Let j = 305839 + -202031. Suppose -11*n = -j - 2925. Is n a prime number?
False
Let m = 597 - 350. Let b = -589 + m. Let d = -179 - b. Is d a prime number?
True
Suppose 2*l + 2*s - 2508 = 0, 1146 + 99 = l + 4*s. Let q(t) = -2*t - 12. Let v be q(-7). Suppose -246 - 251 = -v*g - 5*o, -5*g = -2*o - l. Is g composite?
False
Suppose 5*o - 4*b - 106415 = 0, 21115 = o + b - 159. Let x = 35552 - o. Is x a composite number?
True
Let b(y) be the second derivative of 11*y**4/4 - 25*y**3/3 - 47*y**2 - 163*y. Is b(27) a composite number?
False
Suppose -129*n + 8256487 + 16024796 = 0. Is n a prime number?
False
Let z(c) = 10*c**3 + 29*c**2 - 63*c - 17. Let r be z(25). Suppose -r = -3*q - 10*q. Is q a composite number?
False
Suppose -6*l + 5*y + 157 = -4*l, 355 = 5*l - 5*y. Is (-13081)/309*-2*l/4 composite?
True
Suppose -2*u = 3*d - 10, -3*u - u = 3*d - 14. Suppose -w + 4*c = u, 2*w = -2*w + c + 7. Suppose -w*f = 212 - 1794. Is f a prime number?
False
Suppose c - 6*c = 15. Let i(n) = 85*n**3 + 9*n**2 + 2*n - 3. Let j(r) = -84*r**3 - 12*r**2 - 2*r + 2. Let y(l) = -3*i(l) - 2*j(l). Is y(c) a prime number?
True
Suppose -5*r + 1486777 = -3*q, -r + 83137 = 2*q - 214234. Is r a composite number?
False
Let f(w) = -2*w**3 - 2*w**2 - 2*w. Let n be f(-2). Suppose -x - n*x = -5161. Let r = -234 + x. Is r a composite number?
False
Let u(j) = 3*j**2 + 6*j + 3. L